f g and k.
10
Suppose -2*z + 54 = 62. Let p be 3/(z*(-2)/8). Let v be (27/(-4))/(3/(-12)). Calculate the greatest common factor of v and p.
3
Suppose -25*j = 58 - 458. What is the greatest common factor of j and 16?
16
Let u(f) = -f + 28. Let l be u(18). Let h = l + -8. Calculate the greatest common divisor of h and 16.
2
Let j = 22 + -97. Let z be ((-8)/8)/(3/j). Calculate the greatest common factor of z and 5.
5
Suppose z + 5*y - 35 = -0*z, -5*z + y = -97. Suppose 5*b = -z, -11 = -5*j - 5*b + 4*b. Suppose 4*w + 8 - 44 = 0. What is the highest common divisor of w and j?
3
Let w(a) = -a**3 - 3*a**2 + 4*a + 5. Let k be w(-4). Suppose i = 2, 2*i - 4 = v + 4. Let z be (-15)/10*v/3. Calculate the greatest common divisor of z and k.
1
Let u = -124 - -229. Suppose -r + 7 = -2*f, 9*f - 5*f = -5*r + u. What is the greatest common divisor of r and 85?
17
Suppose 2*q - 11*i = -7*i + 14, 5*q + i - 35 = 0. Calculate the greatest common factor of 217 and q.
7
Let t(r) = 12*r**3 - 10*r + 15*r**3 + 3 - 28*r**3 - 9*r**2. Let o be t(-8). What is the greatest common divisor of o and 19?
19
Suppose -335*c + 329*c = -726. Calculate the highest common factor of c and 605.
121
Let q = -930 - -1290. Calculate the highest common divisor of 20 and q.
20
Let v(o) = o**2 + 4*o - 7. Let l be v(-6). Suppose 4*q = -j + 3*j + 8, -l*q = -j - 19. What is the greatest common factor of 66 and j?
6
Let p be (-3 + 1)/((-10)/115). Suppose 0 = p*v - 24*v + 18. Calculate the highest common divisor of v and 9.
9
Let l = 178 - 169. Let w be 1*(12 - (-1)/(-1)). Let m = w - l. What is the highest common divisor of 10 and m?
2
Let q = -1837 + 1927. Calculate the highest common factor of q and 306.
18
Let c = -13 - -33. Suppose -4*n + c = 4*r, -n + 23 = r - 6*r. Let d be (-44 - 4)*(21/(-6) + 3). What is the greatest common divisor of n and d?
8
Suppose 0 = -2*s + 3*s - 50. Suppose -5*o + s = -0*o. Suppose 3*k + 4*m - 83 = 0, -6 - 15 = -k + 2*m. What is the greatest common factor of k and o?
5
Suppose -30 = 3*f + 6. Let d be (-1)/(-2) - 165/(-10). Let n = d + f. Calculate the greatest common factor of n and 10.
5
Let h(q) = 14*q**3 - q. Let l(y) = -4*y + 1. Let u be l(-1). Suppose 0*b - 5 = -u*b. Let c be h(b). Calculate the greatest common divisor of 13 and c.
13
Let d = -17 + 7. Let y be 2 - (4/4 + d). What is the highest common factor of 11 and y?
11
Let x(s) = 4*s + 32. Let m be x(-5). Calculate the greatest common divisor of m and 21.
3
Let z be 2610/5 + (-70)/(-10). What is the greatest common factor of z and 23?
23
Let k = -2 - -5. Suppose 0 = 2*x - k*x. Suppose x*q - 72 = -3*q. What is the greatest common factor of q and 3?
3
Let d be (1/5)/(6/20)*21. What is the highest common divisor of d and 14?
14
Let v be ((-21)/(-6))/((-3)/(-6)). Suppose 2*h + 240 = v*h. What is the greatest common factor of h and 12?
12
Let d = 44 - -1. Let s(p) = -p**3 - 8*p**2 + 8*p - 13. Let g be s(-9). Let a be 1*(-73 - -1)/g. What is the greatest common divisor of d and a?
9
Suppose -2*n + 6*n = 84. Let z be (-3)/(-21) + (-1168)/(-56). Calculate the greatest common factor of n and z.
21
Let g be 4/(-10) + 2/5 + 44. What is the greatest common factor of g and 8?
4
Let p = 86 + -38. Calculate the highest common factor of p and 18.
6
Suppose 3*g - 26 = g. Let q(m) = -m - 7. Let r be q(-10). Let v be 140 - r/(1/(-1)). Calculate the greatest common divisor of g and v.
13
Let c = 32 + -76. Let z = c - -55. Calculate the greatest common factor of 44 and z.
11
Suppose -4*n = r - 67, -3*r + 28 - 82 = -3*n. Calculate the greatest common divisor of 153 and n.
17
Let v be -52*((-18)/(-12) - 3). What is the greatest common divisor of 156 and v?
78
Let t(o) be the third derivative of o**6/120 - o**5/10 - o**4/4 + 10*o**3/3 + 10*o**2. Let w be t(8). What is the highest common factor of 40 and w?
20
Suppose 3*y - 4 = 41. Let j = -17 + y. Let l be 185 + 3 + (j - 2). Calculate the greatest common factor of 23 and l.
23
Let x = 1183 - 661. What is the highest common factor of 90 and x?
18
Let a be (10 - 3) + -8 - -425. Calculate the highest common divisor of a and 53.
53
Suppose 4*q = 8*q - 8. Suppose -2*p + 1054 = q*r, r - 5*p = 237 + 296. Let y be (r/40)/(2/5). Calculate the greatest common divisor of 11 and y.
11
Suppose 2*d = 4*u, 0 = -0*u - 5*u + 2*d. Suppose u = 2*m - 9 + 3. Suppose -16 = -14*p + 26. What is the highest common factor of p and m?
3
Let j = -84 + 86. Suppose 4*i = -u + 30, 2*u + 4*i = -21 + 73. Calculate the highest common factor of u and j.
2
Suppose -288 = 19*y - 35*y. Calculate the highest common divisor of y and 24.
6
Let k = 73 + -70. Suppose 0 = -k*d + 2*n + 1510, -5*d + 470 = -2*n - 2052. Calculate the highest common divisor of 46 and d.
46
Let t = -1117 - -1123. What is the highest common divisor of 14 and t?
2
Let y(a) = 7*a + 394. Let w be y(-48). What is the greatest common factor of 377 and w?
29
Let d = -876 + 885. Calculate the highest common factor of d and 9.
9
Let t = 549 - 304. Let k(a) = 2303*a + 16156. Let o be k(-7). Calculate the highest common factor of o and t.
35
Let o = -537 + 977. Calculate the highest common factor of o and 80.
40
Suppose 6*u - 15 - 51 = 0. Suppose -u*m + 300 = -6*m. Calculate the highest common divisor of m and 15.
15
Suppose 9*p - 11*p - 3*g = -214, 6 = -3*g. What is the greatest common factor of 210 and p?
10
Let g be (-42)/(-4)*(26 + -22). Calculate the highest common divisor of 54 and g.
6
Let d = 18 + 60. Let r = -32 + d. Calculate the greatest common factor of r and 115.
23
Suppose -c + 10 = -15. Let x(y) = y**2 - 46*y + 229. Let j be x(43). What is the greatest common factor of j and c?
25
Let b(f) = f**3 - 8*f**2 + 9*f - 6. Suppose -17*j + 22*j - 35 = 0. Let k be b(j). What is the greatest common factor of 88 and k?
8
Suppose 1 - 13 = -4*a. Suppose a*t = 56 - 2. What is the highest common divisor of 54 and t?
18
Suppose 5*p - 5 = 5, -m - 2*p + 26 = 0. Let k(w) = 9*w + 2. Let f be (-1 - 10/(-4))*50/75. Let b be k(f). What is the greatest common factor of m and b?
11
Let c = 40 + 23. Let k = -27 + c. Calculate the greatest common factor of k and 12.
12
Suppose 4*q + 5*o = 77, 3*q = -3*o + o + 49. Let x be (-18 - 0)/(9/(-6)). Let a be ((-117)/2)/((-6)/x). Calculate the greatest common divisor of q and a.
13
Let r be (-1)/(-1)*(4 - 6). Let g be 0 - 8*r - 0. What is the greatest common factor of 4 and g?
4
Suppose 3*y - 6*y + 396 = 0. Let h = 13 + -8. Suppose -4*x = 3*i - 45, -2*x + 27 = h*i + 8. What is the greatest common divisor of y and x?
12
Let a = -168 + 297. What is the highest common factor of 3 and a?
3
Suppose -23 = 2*k - 5*i, 5*k - 2*i - 20 = -67. Let t(y) = y**3 + 11*y**2 - 14*y - 9. Let r be t(k). Calculate the highest common factor of r and 31.
31
Suppose 5*m = 3*k - 8, -k = m - 0*k. Let b = m + 18. What is the greatest common factor of 136 and b?
17
Suppose -2*g + 2*b + 102 = -0*g, 2*b = 3*g - 150. Calculate the greatest common divisor of g and 128.
16
Suppose -16 = 4*a, 2*i + 2*a = 6*i - 28. Suppose -i*c - 191 = -4*m, 3*c - 63 = 4*m - 248. Calculate the greatest common divisor of m and 110.
22
Suppose -11*p = -8*p - d - 34, 0 = -2*p + 2*d + 24. What is the highest common factor of p and 1606?
11
Suppose 7*n - 75 - 51 = 0. Suppose k = 4*k - n. What is the highest common divisor of 6 and k?
6
Let f = -5 - -14. Let c = -6505 - -6622. What is the highest common divisor of c and f?
9
Suppose -3*z = -8*z + 15. Suppose 5*r - 129 = -3*k, -4*k - 87 = -z*r - k. What is the highest common divisor of r and 18?
9
Let b be 20/6*(-360)/(-50). Let z = 63 - 29. Suppose 0 = 38*l - z*l - 32. What is the highest common divisor of b and l?
8
Let z = -15 + 39. Calculate the highest common divisor of 1128 and z.
24
Suppose 3*h + 4 - 193 = 0. Let w be (5 - 0)/10*338. Let k = 176 - w. What is the highest common divisor of h and k?
7
Let s be (-2 - 0 - 15) + 0. Let v = -11 - s. Let r = 39 + 15. Calculate the greatest common divisor of v and r.
6
Let j = -1381 + 1666. What is the greatest common divisor of 30 and j?
15
Suppose t + 4*a - 40 = 0, t - 2*a = -a + 55. Calculate the greatest common divisor of 4 and t.
4
Let n(q) = 12*q**2 - 9*q + 31. Let k be n(5). Calculate the greatest common divisor of 44 and k.
22
Let y be -2*5/10 - -10. Suppose 7*w - y*w + 8 